4)) + -4 + c. Give b(d).
18
Let l be -5*(4 - (-9)/(-3)). Let u be -9*2/(-6) - 1. Let z(t) = 7 - 6*t**u - t**3 - 145*t - 4 + 144*t. Calculate z(l).
-17
Let q(j) be the first derivative of 33 - 1/360*j**6 + 0*j**2 + 1/30*j**5 - 41/3*j**3 - 1/8*j**4 + 0*j. Let o(k) be the third derivative of q(k). Calculate o(2).
1
Suppose p - 3*p - 4 = 0. Let u(d) = -2*d**3 - 14*d**2 + 20*d + 62. Let q be u(-8). Let y be (q/45)/(p/3). Let w(x) = x**2 + 2*x. Calculate w(y).
-1
Let c(m) = -13*m + 347. Let r(b) = 14*b - 377. Let v(k) = 13*c(k) + 12*r(k). Determine v(-12).
-1
Let b be (-26)/((-18)/9 + 0). Let v(t) = b*t + 1 + 14*t - 6*t**2 - 38*t - t**3 + 11*t. Let x be 13/(-2) + 2/4. Calculate v(x).
1
Let x = -442 - -436. Let a(w) = -w - 2. Let t(i) = -8*i + 1. Let g(c) = x*a(c) + t(c). Determine g(12).
-11
Suppose 0 = -f - 1. Let l be -20*(-2)/4 - -8. Let j(t) = -19*t - 1 - 27*t - l*t + 71*t. Calculate j(f).
-8
Let y(d) be the second derivative of d**2 - 45*d + 0 + 0*d**4 - 1/20*d**5 + 0*d**3. Determine y(2).
-6
Suppose 0 = d + 4*y + 11, -6*y = 4*d + 10 + 4. Let o be (-3 - -1)*1/(-1). Let t(n) = 2*n + n**o - 4*n**3 - 2*n**2 - n**2 - 1. What is t(d)?
-5
Let f(s) = 12 - 245*s + 1 + 4 + 243*s - 11. Let p(i) = 2*i - 6. Let d be p(5). Calculate f(d).
-2
Let j(f) = f**2 - 10*f - 30. Let p(v) = -v**3 + 6*v**2 - 7. Let b be p(5). Let z be j(b). Let i = 125 - z. Let w(u) = u**3 - 12*u**2 + 12*u - 8. Calculate w(i).
3
Let n = 615 - 612. Let d(l) = 5 - n*l**2 + 13*l - 6*l + l**2 - l**2 - 3*l. Give d(4).
-27
Let a(t) be the second derivative of 7/2*t**2 - 1/20*t**5 - 1/6*t**3 - 11*t - 7/12*t**4 + 0. Determine a(-7).
14
Let d(n) = 5*n**3 - n**2 - n. Let j = 570 + -230. Let v be j/(-408) - (-1)/(-12)*2. Calculate d(v).
-5
Let u(g) = -2*g**2 - 7*g**2 - 7 + 21*g**2 - 9*g**3 + 4*g**2 + 18*g. Let x(y) = -4*y**3 + 8*y**2 + 9*y - 4. Let s(c) = 3*u(c) - 7*x(c). Calculate s(9).
7
Let i(d) be the third derivative of -d**6/360 - d**5/30 + d**4/6 - 27*d**3/2 + 111*d**2. Let a(k) be the first derivative of i(k). Give a(-3).
7
Let m(x) be the first derivative of -2*x**3/3 - 9*x**2 + 5*x - 1607. Determine m(-7).
33
Let i(w) = -2*w**3 - 14*w**2 + w + 1. Suppose 64 - 49 = 3*s + 36. What is i(s)?
-6
Let k = 657 - 985. Let s = k + 332. Let o(m) = 2*m**2 - 6*m + 2. What is o(s)?
10
Let a(j) = 10*j + 31. Let o(f) = 22*f + 77. Let x(w) = 10*a(w) - 4*o(w). What is x(-3)?
-34
Suppose -5*a + 15 = 2*w, -2*a - w + 10 - 4 = 0. Suppose 219 - 225 = -a*z. Let f(n) = 2*n - 3. Determine f(z).
1
Let p(l) = -l + 2. Let y be p(-4). Suppose z = -3*i + y*z - 5, -4 = -4*z. Let b(f) = -46*f**2 - f - f + 45*f**2 + f. Calculate b(i).
0
Let v(a) = 6*a**2 - 7*a + 17. Let w be v(6). Let s = w - 185. Let f(i) = i**2 - 5*i - 6. Determine f(s).
0
Let q = -7 + 11. Let c(y) be the second derivative of -5/2*y**2 + 0 - 1/12*y**4 + 5/6*y**3 + 15*y. Determine c(q).
-1
Let v(m) = -m**2 + 5*m + 13. Let n(b) = b**2 + 2*b - 7. Let p(t) = -2*n(t) - v(t). Give p(-9).
1
Let r(w) = -48*w + 207. Let s(u) = -288*u + 1271. Let b(v) = -37*r(v) + 6*s(v). Determine b(1).
15
Let a = 71001 - 71003. Let h(m) be the third derivative of -7*m**4/24 - m**3/3 + 2*m**2. What is h(a)?
12
Let s(a) = -23*a + 616. Suppose -106*g + 809 = 57*g - 3592. Give s(g).
-5
Let b(c) = -7*c**2 + 4*c + 6. Let l(v) = 60*v + 59*v - 187*v - 6 + 6*v**2 + 64*v. Suppose 0 = -5*r - 11 - 14. Let u(x) = r*b(x) - 6*l(x). What is u(5)?
1
Let j(s) = -7*s - 2*s + 3 + 2*s**2 + 2*s**2. Let w = -5947 + 5949. Let d(a) = 3*a**2 - 8*a + 4. Let x(b) = w*j(b) - 3*d(b). What is x(5)?
-1
Let l(b) = 21*b**2 + 2*b + 5. Suppose -154 + 220 = -33*o. Calculate l(o).
85
Let s(b) be the third derivative of 0 + b - 4/3*b**3 + 7/24*b**4 - 76*b**2 + 1/60*b**5. Determine s(-9).
10
Let a(q) = 3*q - 247266050 + 247266050 - q**3 + 3*q**2. Let n(y) = -y**3 + 4*y**2 + 5*y + 3. Let r be n(5). Give a(r).
9
Let k be (16/(-18))/((-129)/(-1161)) + -3*1. Let q(x) = -2*x**3 - 21*x**2 + 11*x - 24. What is q(k)?
-24
Let l(w) = 14*w**3 - 25*w**2 - 113*w + 33. Let z(s) = -5*s**3 + 8*s**2 + 38*s - 10. Let a(d) = -4*l(d) - 11*z(d). Give a(14).
62
Suppose -365*b - j - 39 = -370*b, 3*b = 5*j + 63. Let t(h) = -h**3 + 7*h**2 + 5*h + 3. Calculate t(b).
69
Let t(u) be the first derivative of u**5/60 - u**3/6 - 74*u**2 + 130. Let v(d) be the second derivative of t(d). Determine v(-3).
8
Let u(s) = 94 + 9*s - 23 - 36 + s**2 - 20 - 21. Let r = -6 - 3. What is u(r)?
-6
Let x(n) = 2*n**3 + 24*n**2 - 2*n - 14. Let z be x(-12). Let w(l) = -l**2 + 5*l + 44. What is w(z)?
-6
Suppose 3*y - 91 = 4*l + 202, l + 5 = 0. Suppose 0 = -4*b - y + 311. Let r = -55 + b. Let v(d) = d - 22. Determine v(r).
-22
Let b(g) = -3*g + 12. Let i(d) = -16*d - 91. Let r be i(-6). Determine b(r).
-3
Let m(o) = 4*o - 204. Let x be m(51). Let h(p) be the third derivative of x*p - 1/3*p**3 - 1/40*p**6 + 1/60*p**5 - 6*p**2 + 0*p**4 + 0. Give h(2).
-22
Suppose -5*o + 31 = 4*y, -2*y + 13 = -y - 4*o. Suppose -23*a + y = -32*a. Let u(d) = -8*d**2 - d. Calculate u(a).
-7
Let x(o) = -12*o**2 + 8 + 4*o - 2 + 9 - 9*o**2 - 12. Give x(-1).
-22
Suppose -204 - 128 = 83*t. Let w(s) = -6*s**2 - 5*s - 1. Let v(h) = h**2. Let m(l) = 5*v(l) + w(l). Calculate m(t).
3
Let w(q) be the first derivative of q**5/20 - 5*q**4/6 + 11*q**3/6 + 9*q**2/2 - 126*q + 240. Let o(m) be the first derivative of w(m). Determine o(9).
27
Let c(x) = x**3 + 7*x**2 + 4*x - 5. Suppose -22*a + 0 + 0 = 0. Let v(b) be the third derivative of b**4/12 - b**3 + 3*b**2. Let t be v(a). Give c(t).
7
Let a(i) = i - 5. Let o(r) = 13*r**2 - 7*r - 23 + 24 - 4*r**3 + 6*r**3. Let b be o(-7). Suppose 3*c + b = 25. Give a(c).
3
Let y(z) = z**3 + 2*z + 1. Let o = -7 + 13. Suppose o*l - 12*l = -228. Let m = -39 + l. Calculate y(m).
-2
Let l(z) = z - 6 + 10 - 1 - z**2. Let w(k) = -k**3 - 20*k**2 + 73*k + 89. Let d be w(-23). Determine l(d).
-9
Let o(y) = -26*y + 439. Let m be o(17). Let z(l) = -l**2 + 2*l. Let u(n) = 7*n**2 + 10*n + 3. Let j(c) = m*z(c) + u(c). Determine j(-2).
35
Let v = 243 + -254. Let c(l) = 2*l**2 + 18*l - 42. Let k be c(v). Let n(f) = f**3 - 3*f**2 - f - 1. What is n(k)?
-7
Let c(w) = w. Suppose 447*v = 127*v + 6400. Give c(v).
20
Let x(f) be the second derivative of f**5/20 + 5*f**4/3 + 5*f**3/2 - 9*f**2/2 + 440*f + 1. Give x(-19).
67
Let j(h) = 6*h - 132. Suppose -111 = -4*w + 3*o - 45, -81 = -3*w - 3*o. Give j(w).
-6
Let l(u) = 5*u**2 - 18342*u**3 - 2*u**2 - 19*u - 9 + 18341*u**3 + 11*u**2 - 5*u**2. Give l(5).
-4
Let w = 184 + -151. Let s(m) = w + 4*m**3 - 34 - 7*m**3 + 2*m + 2*m**3 - 3*m**2. Determine s(-3).
-7
Let o(h) = h + 13. Suppose x + 6*t - 7*t + 70 = 0, 0 = 3*t - 9. Let n = x + 72. Suppose p - 2*j + 6 = 0, p + 6 - 21 = -n*j. Give o(p).
13
Let k be (-1)/(((-4)/(-492))/(2/6)). Let z = k + 56. Let r(o) = o**3 - o - z*o**2 + 15*o**2 - 10. Calculate r(0).
-10
Let h(q) = -101 - 25 - 28 + 152 + 22*q + 4*q**2. Calculate h(-7).
40
Let n(m) = -m**3 + 9*m**2 - 28*m + 27. Let f be n(5). Let z(q) = -2*q**2 - 25*q - 4. Calculate z(f).
-17
Let b be 2*(57/6 - 4). Let f(o) = -b + 6 + 8 + o**2 + 7*o. Give f(-4).
-9
Suppose -3*q + 0*q = -k + 11, 2*q + 29 = 5*k. Suppose -2*y + z = -0*y - k, 2*z = -10. Let o(i) = i**2 + i + 7. Determine o(y).
7
Let o(z) = -28*z**2 - 35*z**2 - 20*z + 1 - 24*z**2 + 86*z**2. Determine o(-5).
76
Let a(m) = -2*m**3 - 10*m**2 - 4*m + 20. Let z be (-64)/(-48) + (3 + (-31)/6)*2. Determine a(z).
-4
Let l(g) = -g**2 - 2*g + 6. Suppose -2968 = -5*s - p - 67, 20 = -5*p. Let b = s - 585. Determine l(b).
-2
Let q(w) be the second derivative of w**3/2 - 11*w**2/2 - 3*w - 18314. Suppose m + 10 = 3*m. What is q(m)?
4
Let j(r) be the second derivative of -r**3 - 18*r + 3/2*r**2 + 1/6*r**4 + 0. Let f(h) be the first derivative of j(h). Determine f(5).
14
Suppose m + 3 = -1, 0 = -2*z - 4*m - 2. Let q = -26 + 29. Let j(l) = l + q*l - z - l - 2*l. Determine j(9).
2
Let p be (6/8)/(266/(-56) - -6 - 1). Let d(l) = 3*l**2 - 9*l - 6. Give d(p).
-6
Let z be (8 + 10 - 16) + -14. Let v(w) be the third derivative of -w**5/60 - 11*w**4/24 + w**3 - 8*w**2. What is v(z)?
-6
Let g(j) = -446*j + 898*j - 426*j + 9*j**2 - 36 - 10*j**2 - 13. Determine g(24).
-1
Let t(u) = -u**2 - 5*u + 2. Let s be (40/12 + -3)*6. Suppose 2*l + 3 - 24 = 3*b, 0 = -s*b + 5*l - 3. Let j be 39/b - (-9)/27. Calculate t(j).
6
Suppose